{"id":189,"date":"2020-03-15T17:36:33","date_gmt":"2020-03-15T16:36:33","guid":{"rendered":"http:\/\/sicault-cebe-avocats.fr\/?page_id=189"},"modified":"2020-03-15T17:36:33","modified_gmt":"2020-03-15T16:36:33","slug":"news-publications","status":"publish","type":"page","link":"https:\/\/sicault-cebe-avocats.fr\/?page_id=189","title":{"rendered":"News &#038; publications"},"content":{"rendered":"\n<h2 class=\"wp-block-heading\">News<\/h2>\n\n\n\n<p style=\"font-size:14px\"><strong>THE ILOAT QUASHES THE POST ADJUSTMENT MULTIPLIER OF SPECIALIZED INSTITUTIONS OFFICIALS IN GENEVA<\/strong><\/p>\n\n\n\n<p class=\"has-small-font-size\">It is not the first time that salary adjustments are sanctioned\nby the ILO Administrative Tribunal; other organisations had a bitter taste of\nit some years ago. It is, however, the very first time that the Tribunal so\nclearly sanctions the International Civil Service Commission (ICSC), which is\nnotably in charge of cost of living surveys. In five landmark <a href=\"https:\/\/www.ilo.org\/dyn\/triblex\/triblexmain.showList?p_lang=fr&amp;p_session_id=128&amp;p_and_or=AND&amp;p_page=4\">judgments<\/a> delivered last July (4134, 4135, 4136, 4137 and 4138),\nthe Tribunal quashed the post adjustment mutiplier for the specialised\ninstitutions of the United Nations, on two major grounds&nbsp;: 1) the lack of\nauthority of the ICSC, since the UN General Assembly has the exclusive\nauthority to adopt post adjustment indices&nbsp;; 2) the violation of several\ngeneral principles, including the principle according to which the chosen\nmethod must ensure that the results are stable, foreseeable and clearly\nunderstood or transparent.<\/p>\n\n\n\n<p class=\"has-small-font-size\">These judgments establish new case law, the first building\nblocks of which were established by the Tribunal in the 90s in the context of\ncases argued by Jean-Didier Sicault with the support of R\u00e9mi C\u00e8be. Jean-Didier\nSicault likewise represented personnel of three of the five specialized institutions\nconcerned in the recent cases before the Tribunal. &nbsp;&nbsp;<\/p>\n\n\n\n<p class=\"has-small-font-size\">However, regarding the United Nations common system,\nthe case is far from being over. The existence of two different scales\napplicable in Geneva, including the UN scale, would run counter the very\nprinciple of the common system. The Office of Staff Legal Assistance and Jean-Didier\nSicault therefore brought the case before the United Nations Dispute Tribunal. \n\nDevelopments\nto come. \n\n\n\n<\/p>\n\n\n\n<h2 class=\"wp-block-heading\">Publications<\/h2>\n\n\n\n<p class=\"has-small-font-size\"><strong><em>Publications of Jean-Didier Sicault<\/em><\/strong><\/p>\n\n\n\n<p style=\"font-size:12px\">Le contr\u00f4le du Tribunal en mati\u00e8re salariale dans le cadre du R\u00e9gime commun des Nations Unies, <em>in<\/em> Une contribution de 90 ans du Tribunal administratif de l\u2019Organisation internationale du Travail \u00e0 la cr\u00e9ation d\u2019un droit de la fonction publique internationale, Gen\u00e8ve, TAOIT, 2017\u00a0;<\/p>\n\n\n\n<p style=\"font-size:12px\">Reflections on investigations in International Organizations, <em>in<\/em> Best practices in resolving employment disputes in International Organizations, Conference Proceedings, ILO Geneva, 15-16 September 2014;<\/p>\n\n\n\n<p style=\"font-size:12px\">La proc\u00e9dure devant les juridictions administratives internationales \u2013 Le cas du Tribunal administratif de la Banque interam\u00e9ricaine de d\u00e9veloppement, <em>in <\/em>Revenue G\u00e9n\u00e9rale de Droit International Public<em>, <\/em>Paris, Pedone, 2012\u00a0;<\/p>\n\n\n\n<p style=\"font-size:12px\">Le TAOIT : Tendances jurisprudentielles r\u00e9centes en mati\u00e8re de comp\u00e9tence et de recevabilit\u00e9, <em>in <\/em>Les \u00e9volutions de la protection jurisprudentielle des fonctionnaires internationaux et employ\u00e9s\u00a0: actes du colloque de Luxembourg d\u2019avril 2011, Bruxelles, Bruylant, 2012\u00a0; <\/p>\n\n\n\n<p style=\"font-size:12px\">Practical issues arising in International Administrative Tribunals: The point of view of Counsel for Applicants, <em>in <\/em>Problems of International Administrative Law, Leiden-Boston, Nijhoff, 2008;<\/p>\n\n\n\n<p style=\"font-size:12px\">L\u2019article 101, <em>in <\/em>La charte des Nations Unies\u00a0: commentaire article par article, Tome I, 3<sup>\u00e8me<\/sup> \u00e9dition, sous la direction de Jean-Pierre Cot et Alain Pellet, Paris, Economica, 2005\u00a0;<\/p>\n\n\n\n<p style=\"font-size:12px\">R\u00e9flexions h\u00e9t\u00e9rodoxes sur la prise en compte par les organisations du R\u00e9gime commun des Nations Unies de l\u2019expatriation de leurs administrateurs et fonctionnaires de rang sup\u00e9rieur, <em>in<\/em> M\u00e9langes Hubert Thierry, Paris Pedone, 1998\u00a0;<\/p>\n\n\n\n<p style=\"font-size:12px\">La repr\u00e9sentation des requ\u00e9rants, <em>in <\/em>Journ\u00e9e d\u2019\u00e9tudes de la Soci\u00e9t\u00e9 fran\u00e7aise pour le droit international\u00a0: le contentieux de la fonction publique internationale, Paris, Pedone, 1996\u00a0;<strong> <\/strong><\/p>\n\n\n\n<p style=\"font-size:12px\">A propos de l\u2019Office franco-qu\u00e9b\u00e9cois pour la jeunesse\u00a0: r\u00e9flexions sur la notion d\u2019organisation internationales, <em>in <\/em>M\u00e9langes Michel Virally, Paris, Pedone, 1991\u00a0;<\/p>\n\n\n\n<p style=\"font-size:12px\">L\u2019\u00e9volution r\u00e9cente de la jurisprudence des tribunaux administratifs des Nations Unies et de l\u2019OIT en mati\u00e8re de droits acquis, <em>in<\/em> Revue G\u00e9n\u00e9rale de Droit International Public, Paris, Pedone, 1990\u00a0;<\/p>\n\n\n\n<p style=\"font-size:12px\">L\u2019affaire de l\u2019OLP devant la CIJ, <em>in<\/em> Revue G\u00e9n\u00e9rale de Droit International Public, Paris, Pedone, 1988\u00a0;<\/p>\n\n\n\n<p style=\"font-size:12px\">Du caract\u00e8re obligatoire des engagements unilat\u00e9raux en droit international public, Revue G\u00e9n\u00e9rale de Droit International Public, Paris, Pedone, 1974.<\/p>\n\n\n\n<p class=\"has-small-font-size\"><strong><em>Publications of \u00a0R\u00e9mi C\u00e8be<\/em><\/strong><\/p>\n\n\n\n<p style=\"font-size:12px\">\u00ab\u00a0Quelques   r\u00e9flexions sur les immunit\u00e9s des organisations internationales\u00a0\u00bb, in   Immunities in the Age of Global Constitutionalism,   Martinus Nijhoff Publishers,\u00a07 nov. 2014\u00a0;\u00ab\u00a0Les fonctionnaires internationaux dans   l\u2019\u0153il du cyclone\u00a0: la jurisprudence r\u00e9cente du Tribunal administratif de   l\u2019OIT\u00a0\u00bb, in Revue g\u00e9n\u00e9rale de droit international public (1997), vol.   102\u00a0: n\u00b02, p. 475-492.      <\/p>\n","protected":false},"excerpt":{"rendered":"<p>News THE ILOAT QUASHES THE POST ADJUSTMENT MULTIPLIER OF SPECIALIZED INSTITUTIONS OFFICIALS IN GENEVA It is not the first time that salary adjustments are sanctioned by the ILO Administrative Tribunal; other organisations had a bitter taste of it some years ago. It is, however, the very first time that the Tribunal so clearly sanctions the &hellip; <a href=\"https:\/\/sicault-cebe-avocats.fr\/?page_id=189\" class=\"more-link\">Continuer la lecture<span class=\"screen-reader-text\"> de &laquo;&nbsp;News &#038; publications&nbsp;&raquo;<\/span><\/a><\/p>\n","protected":false},"author":1,"featured_media":0,"parent":0,"menu_order":0,"comment_status":"closed","ping_status":"closed","template":"","meta":{"footnotes":""},"class_list":["post-189","page","type-page","status-publish","hentry"],"yoast_head":"<!-- This site is optimized with the Yoast SEO plugin v15.9 - https:\/\/yoast.com\/wordpress\/plugins\/seo\/ -->\n<title>News &amp; publications - Sicault &amp; C\u00e8be<\/title>\n<meta name=\"robots\" content=\"index, follow, max-snippet:-1, max-image-preview:large, max-video-preview:-1\" \/>\n<link rel=\"canonical\" href=\"https:\/\/sicault-cebe-avocats.fr\/?page_id=189\" \/>\n<meta property=\"og:locale\" content=\"fr_FR\" \/>\n<meta property=\"og:type\" content=\"article\" \/>\n<meta property=\"og:title\" content=\"News &amp; publications - Sicault &amp; C\u00e8be\" \/>\n<meta property=\"og:description\" content=\"News THE ILOAT QUASHES THE POST ADJUSTMENT MULTIPLIER OF SPECIALIZED INSTITUTIONS OFFICIALS IN GENEVA It is not the first time that salary adjustments are sanctioned by the ILO Administrative Tribunal; other organisations had a bitter taste of it some years ago. It is, however, the very first time that the Tribunal so clearly sanctions the &hellip; Continuer la lecture de &laquo;&nbsp;News &#038; publications&nbsp;&raquo;\" \/>\n<meta property=\"og:url\" content=\"https:\/\/sicault-cebe-avocats.fr\/?page_id=189\" \/>\n<meta property=\"og:site_name\" content=\"Sicault &amp; C\u00e8be\" \/>\n<meta name=\"twitter:card\" content=\"summary_large_image\" \/>\n<meta name=\"twitter:label1\" content=\"Dur\u00e9e de lecture est.\">\n\t<meta name=\"twitter:data1\" content=\"3 minutes\">\n<script type=\"application\/ld+json\" class=\"yoast-schema-graph\">{\"@context\":\"https:\/\/schema.org\",\"@graph\":[{\"@type\":\"WebSite\",\"@id\":\"https:\/\/sicault-cebe-avocats.fr\/#website\",\"url\":\"https:\/\/sicault-cebe-avocats.fr\/\",\"name\":\"Sicault &amp; C\\u00e8be\",\"description\":\"Avocats Associ\\u00e9s\",\"potentialAction\":[{\"@type\":\"SearchAction\",\"target\":\"https:\/\/sicault-cebe-avocats.fr\/?s={search_term_string}\",\"query-input\":\"required name=search_term_string\"}],\"inLanguage\":\"fr-FR\"},{\"@type\":\"WebPage\",\"@id\":\"https:\/\/sicault-cebe-avocats.fr\/?page_id=189#webpage\",\"url\":\"https:\/\/sicault-cebe-avocats.fr\/?page_id=189\",\"name\":\"News & publications - Sicault &amp; C\\u00e8be\",\"isPartOf\":{\"@id\":\"https:\/\/sicault-cebe-avocats.fr\/#website\"},\"datePublished\":\"2020-03-15T16:36:33+00:00\",\"dateModified\":\"2020-03-15T16:36:33+00:00\",\"breadcrumb\":{\"@id\":\"https:\/\/sicault-cebe-avocats.fr\/?page_id=189#breadcrumb\"},\"inLanguage\":\"fr-FR\",\"potentialAction\":[{\"@type\":\"ReadAction\",\"target\":[\"https:\/\/sicault-cebe-avocats.fr\/?page_id=189\"]}]},{\"@type\":\"BreadcrumbList\",\"@id\":\"https:\/\/sicault-cebe-avocats.fr\/?page_id=189#breadcrumb\",\"itemListElement\":[{\"@type\":\"ListItem\",\"position\":1,\"item\":{\"@type\":\"WebPage\",\"@id\":\"https:\/\/sicault-cebe-avocats.fr\/\",\"url\":\"https:\/\/sicault-cebe-avocats.fr\/\",\"name\":\"Accueil\"}},{\"@type\":\"ListItem\",\"position\":2,\"item\":{\"@type\":\"WebPage\",\"@id\":\"https:\/\/sicault-cebe-avocats.fr\/?page_id=189\",\"url\":\"https:\/\/sicault-cebe-avocats.fr\/?page_id=189\",\"name\":\"News &#038; publications\"}}]}]}<\/script>\n<!-- \/ Yoast SEO plugin. -->","_links":{"self":[{"href":"https:\/\/sicault-cebe-avocats.fr\/index.php?rest_route=\/wp\/v2\/pages\/189","targetHints":{"allow":["GET"]}}],"collection":[{"href":"https:\/\/sicault-cebe-avocats.fr\/index.php?rest_route=\/wp\/v2\/pages"}],"about":[{"href":"https:\/\/sicault-cebe-avocats.fr\/index.php?rest_route=\/wp\/v2\/types\/page"}],"author":[{"embeddable":true,"href":"https:\/\/sicault-cebe-avocats.fr\/index.php?rest_route=\/wp\/v2\/users\/1"}],"replies":[{"embeddable":true,"href":"https:\/\/sicault-cebe-avocats.fr\/index.php?rest_route=%2Fwp%2Fv2%2Fcomments&post=189"}],"version-history":[{"count":1,"href":"https:\/\/sicault-cebe-avocats.fr\/index.php?rest_route=\/wp\/v2\/pages\/189\/revisions"}],"predecessor-version":[{"id":190,"href":"https:\/\/sicault-cebe-avocats.fr\/index.php?rest_route=\/wp\/v2\/pages\/189\/revisions\/190"}],"wp:attachment":[{"href":"https:\/\/sicault-cebe-avocats.fr\/index.php?rest_route=%2Fwp%2Fv2%2Fmedia&parent=189"}],"curies":[{"name":"wp","href":"https:\/\/api.w.org\/{rel}","templated":true}]}}